{"id":4926,"date":"2023-12-26T15:35:54","date_gmt":"2023-12-26T14:35:54","guid":{"rendered":"https:\/\/premiumpack.sn\/?post_type=product&#038;p=4926"},"modified":"2024-02-21T16:24:17","modified_gmt":"2024-02-21T15:24:17","slug":"sac-cadeau-en-papier-kraft","status":"publish","type":"product","link":"https:\/\/premiumpack.sn\/index.php\/product\/sac-cadeau-en-papier-kraft\/","title":{"rendered":"Sac cadeau en papier kraft"},"content":{"rendered":"<p>Nous vous proposons un sac de qualit\u00e9 en papier. Vous pouvez d\u00e9couvrir en \u00e9dition \u00e9ph\u00e9m\u00e8re le sac \u201cMangue\u201d.<\/p>\n","protected":false},"excerpt":{"rendered":"<p>vous propose un sac de qualit\u00e9 en papier. Vous pouvez d\u00e9couvrir en \u00e9dition \u00e9ph\u00e9m\u00e8re le sac \u201cMangue\u201d.<\/p>\n","protected":false},"featured_media":4928,"comment_status":"open","ping_status":"closed","template":"","meta":{"_bst_post_transparent":"default","_bst_post_title":"","_bst_post_layout":"default","_bst_post_sidebar_id":"","_bst_post_content_style":"default","_bst_post_vertical_padding":"default","_bst_post_feature":"","_bst_post_feature_position":"","_bst_post_header":false,"_bst_post_footer":false},"product_cat":[385,369],"product_tag":[],"_links":{"self":[{"href":"https:\/\/premiumpack.sn\/index.php\/wp-json\/wp\/v2\/product\/4926"}],"collection":[{"href":"https:\/\/premiumpack.sn\/index.php\/wp-json\/wp\/v2\/product"}],"about":[{"href":"https:\/\/premiumpack.sn\/index.php\/wp-json\/wp\/v2\/types\/product"}],"replies":[{"embeddable":true,"href":"https:\/\/premiumpack.sn\/index.php\/wp-json\/wp\/v2\/comments?post=4926"}],"wp:featuredmedia":[{"embeddable":true,"href":"https:\/\/premiumpack.sn\/index.php\/wp-json\/wp\/v2\/media\/4928"}],"wp:attachment":[{"href":"https:\/\/premiumpack.sn\/index.php\/wp-json\/wp\/v2\/media?parent=4926"}],"wp:term":[{"taxonomy":"product_cat","embeddable":true,"href":"https:\/\/premiumpack.sn\/index.php\/wp-json\/wp\/v2\/product_cat?post=4926"},{"taxonomy":"product_tag","embeddable":true,"href":"https:\/\/premiumpack.sn\/index.php\/wp-json\/wp\/v2\/product_tag?post=4926"}],"curies":[{"name":"wp","href":"https:\/\/api.w.org\/{rel}","templated":true}]}}